{"id":4585,"date":"2019-01-09T15:18:48","date_gmt":"2019-01-09T15:18:48","guid":{"rendered":"http:\/\/klm.atworx.de\/?page_id=4585"},"modified":"2019-03-10T10:23:02","modified_gmt":"2019-03-10T10:23:02","slug":"vorstellungen-erwartungen","status":"publish","type":"page","link":"https:\/\/klmvomtanneck.com\/?page_id=4585","title":{"rendered":"Vorstellungen \/ Erwartungen"},"content":{"rendered":"<p>[vc_row content_placement=&#8220;middle&#8220; overlay_dotted=&#8220;true&#8220;][vc_column css=&#8220;.vc_custom_1530267718294{padding-top: 0px !important;}&#8220;][vc_column_text]Sie haben sich entschieden einen Hund zu kaufen und dabei folgende Kriterien bedacht:<\/p>\n<p>&nbsp;<\/p>\n<ul>\n<li><span id=\"wichtig\"><strong>Einsatzgebiet:<\/strong><br \/>\n<\/span>Welche Rasse eignet sich f\u00fcr mich?<\/li>\n<li><strong>Gefallen<\/strong>:<br \/>\nGef\u00e4llt mir diese Rasse ( Aussehen )<\/li>\n<li><strong>Haltung:<\/strong><br \/>\nHaus, oder und Zwinger.<\/li>\n<li><strong>Zeit:<\/strong><br \/>\nHabe ich Zeit f\u00fcr Ausbildung und \u00fcberhaupt<br \/>\n.<\/li>\n<li><strong>Urlaub:<\/strong><br \/>\nWird er von Hundefreunden versorgt oder kann ich ihn mitnehmen.<\/li>\n<\/ul>\n<p>&nbsp;<\/p>\n<p>Nun haben sie sich f\u00fcr einen kleinen M\u00fcnsterl\u00e4nder entschieden.<br \/>\nAlso eine sehr lebhafte, aber auch anh\u00e4ngliche Rasse. ( Familienhund )<\/p>\n<p>Der\u00a0<strong><em>KLM\u00a0<\/em><\/strong>ist gegen\u00fcber vielen anderen Rassen, in seinem Aussehen ( Farbe des Haarkleides ) sehr variantenreich.<br \/>\nIm Wesentlichen wird Braunschimmel und Braunweis unterschieden.[\/vc_column_text][vc_row_inner][vc_column_inner][vc_masonry_media_grid element_width=&#8220;6&#8243; item=&#8220;masonryGrid_SlideoOutFromRight&#8220; grid_id=&#8220;vc_gid:1552211446681-251d5213-fec9-8&#8243; include=&#8220;4955,4954&#8243;][\/vc_column_inner][\/vc_row_inner][vc_row_inner][vc_column_inner][vc_column_text]Wer eine feste Vorstellung hat, wie sein Hund einmal aussehen soll, muss wissen, dass sich ein Welpe bis zum erwachsen werden etwas ver\u00e4ndert.<\/p>\n<p>In der Regel werden\u00a0feine wei\u00dfe\u00a0Konturen verschwinden, also\u00a0braun werden und\u00a0Schimmelwelpen die\u00a0erst noch hell sind, werden, die einen mehr,<\/p>\n<p>die anderen weniger dunkel.[\/vc_column_text][\/vc_column_inner][\/vc_row_inner][vc_row_inner][vc_column_inner][vc_masonry_media_grid element_width=&#8220;6&#8243; item=&#8220;masonryGrid_SlideoOutFromRight&#8220; grid_id=&#8220;vc_gid:1552211446683-e5b96de3-ab65-7&#8243; include=&#8220;4939,4938&#8243;][\/vc_column_inner][\/vc_row_inner][vc_row_inner][vc_column_inner][vc_column_text]Wird ein Welpe, ab der neunten Lebenswoche vom Erwerber abgeholt, ist er bereits 3-mal entwurmt, mit einem Chip versehen, hat die erste Impfung<\/p>\n<p>und ist sowohl vom Tierarzt als auch vom Verbands \u2013 Zuchtwart, auf eventuelle M\u00e4ngel untersucht.<\/p>\n<p>Dazu werden eine\u00a0<em><strong>Stammtafel<\/strong><\/em>\u00a0und einige Infos ausgeh\u00e4ndigt.[\/vc_column_text][\/vc_column_inner][\/vc_row_inner][\/vc_column][\/vc_row]<\/p>\n","protected":false},"excerpt":{"rendered":"[vc_row content_placement=&#8220;middle&#8220; overlay_dotted=&#8220;true&#8220;][vc_column css=&#8220;.vc_custom_1530267718294{padding-top: 0px !important;}&#8220;][vc_column_text]Sie haben sich entschieden einen Hund zu kaufen und dabei folgende Kriterien bedacht: &nbsp; Einsatzgebiet: Welche Rasse eignet sich f\u00fcr mich? Gefallen: Gef\u00e4llt mir diese Rasse ( Aussehen ) Haltung: Haus, oder und Zwinger. Zeit: Habe ich Zeit f\u00fcr Ausbildung und \u00fcberhaupt . Urlaub: Wird er von Hundefreunden versorgt oder&#8230;","protected":false},"author":1,"featured_media":0,"parent":0,"menu_order":0,"comment_status":"closed","ping_status":"closed","template":"","meta":[],"_links":{"self":[{"href":"https:\/\/klmvomtanneck.com\/index.php?rest_route=\/wp\/v2\/pages\/4585"}],"collection":[{"href":"https:\/\/klmvomtanneck.com\/index.php?rest_route=\/wp\/v2\/pages"}],"about":[{"href":"https:\/\/klmvomtanneck.com\/index.php?rest_route=\/wp\/v2\/types\/page"}],"author":[{"embeddable":true,"href":"https:\/\/klmvomtanneck.com\/index.php?rest_route=\/wp\/v2\/users\/1"}],"replies":[{"embeddable":true,"href":"https:\/\/klmvomtanneck.com\/index.php?rest_route=%2Fwp%2Fv2%2Fcomments&post=4585"}],"version-history":[{"count":6,"href":"https:\/\/klmvomtanneck.com\/index.php?rest_route=\/wp\/v2\/pages\/4585\/revisions"}],"predecessor-version":[{"id":4957,"href":"https:\/\/klmvomtanneck.com\/index.php?rest_route=\/wp\/v2\/pages\/4585\/revisions\/4957"}],"wp:attachment":[{"href":"https:\/\/klmvomtanneck.com\/index.php?rest_route=%2Fwp%2Fv2%2Fmedia&parent=4585"}],"curies":[{"name":"wp","href":"https:\/\/api.w.org\/{rel}","templated":true}]}}